*h - 29*h + 248. What is the greatest common divisor of h and g?
4
Let o be 0 - ((-33)/3 + 0). Suppose -12 = -0*i - 3*i. Suppose 0 = -i*l, m + 3*l - 33 = -2*m. Calculate the highest common factor of o and m.
11
Let p be -12*744/(-18) + -4. What is the highest common divisor of p and 12?
12
Let i = -18 + 36. Suppose 5*p + 0*k + 3*k = 138, -5*k = 5*p - 140. Calculate the greatest common divisor of p and i.
9
Suppose 36 = h + o, -11*h + 116 = -8*h - o. Calculate the greatest common divisor of h and 152.
38
Let y = 867 + -804. Calculate the greatest common factor of y and 153.
9
Let q be 27/(-15)*(-420)/18. Let u(t) = 7*t**2 - 1. Let j be u(1). Calculate the greatest common factor of j and q.
6
Suppose 6*d - 573 = -15. Let p = -81 + d. What is the greatest common factor of 30 and p?
6
Let h = -623 + 637. Calculate the greatest common divisor of h and 35.
7
Let g(r) = r**3 - 14*r**2 + 14*r - 4. Let k = 0 + 13. Let j be g(k). Calculate the highest common divisor of 117 and j.
9
Let r = -12 + 23. Let q(l) = -l + 3. Let h be q(2). Suppose h = -o - z, -2*o - 4*z = 4 + 2. Calculate the highest common factor of o and r.
1
Let l(f) = -f**3 - 6*f**2 - 4*f + 1. Let k be l(-5). Let g = k - -37. Calculate the greatest common divisor of 3 and g.
3
Let q(y) = -29*y - 96. Let n be q(-4). Let f(c) = -c**3 - 8*c**2 - 7*c + 4. Let b be f(-8). What is the highest common divisor of b and n?
20
Suppose -x = -3*x + 2. Suppose 63 = 5*c + 4*f, -9*c - 3*f = -7*c - 28. What is the highest common divisor of x and c?
1
Let j(x) = -2*x - 140. Let c be j(0). Let l = -121 - c. What is the greatest common divisor of l and 133?
19
Suppose -1 = 2*j + 7, -j - 18 = -2*a. What is the greatest common divisor of a and 25?
1
Suppose -3*j + n + 10 = 0, 5*j + n = 5*n + 5. Suppose j*b = b + 288. What is the greatest common factor of b and 18?
18
Suppose 2*o - 82 = -4*x + 7*o, -3*x = -4*o - 61. Calculate the highest common factor of x and 4.
1
Let o be (-4 - (-1131)/45) + 6/(-45). Calculate the greatest common factor of 182 and o.
7
Let d(n) be the second derivative of -n**3/3 - 9*n**2/2 + n. Let i be d(-8). Let l be (-1070)/(-14) - (-4)/7. Calculate the greatest common factor of l and i.
7
Let i be (-168)/112*(-1176)/9. Let a be 83/3 - (-3)/9. Calculate the greatest common factor of a and i.
28
Suppose 0 = -4*i + 3*w - w + 80, 2*w = -i + 25. Let d = -7349 + 7496. Calculate the greatest common divisor of d and i.
21
Suppose 5*k - 290 + 170 = 0. Calculate the highest common divisor of k and 282.
6
Suppose g + 30 = 11*g. Let t(x) = 0*x**3 + 0*x**3 - 4 - 2*x**2 + x + 6*x**3. Let u be t(g). What is the greatest common factor of u and 13?
13
Suppose 85 = 5*g - 45. Let y = 16 + -3. What is the greatest common factor of y and g?
13
Let h be (-5)/(-15)*(67 - (1 - 3)). What is the highest common divisor of 621 and h?
23
Let p = -29 + 316. Suppose -51*k + 46*k + 205 = 0. What is the highest common divisor of p and k?
41
Suppose -2*f = 3*k - 8, 2*k + 2 = -3*f - 1. Suppose a + 135 = 5*j, -k*a = -j - 2*a + 46. What is the highest common divisor of 39 and j?
13
Suppose 37 = 4*d - n, 0 = -5*d - 3*n - 14 + 73. Calculate the greatest common factor of d and 40.
10
Suppose -h = 2*i - 58 - 82, -h + 134 = -i. Suppose -c + j + h = 2*j, -3*c + 400 = j. What is the greatest common divisor of c and 12?
12
Let n be 3*((-2)/(-6))/((-8)/(-136)). Suppose 4*b = -3*o + 5*b + 47, 2*b = -5*o + 93. What is the highest common factor of o and n?
17
Suppose 3*l = 4*z - 314, 3*z + 3*l - 250 = -2*l. What is the highest common factor of 5 and z?
5
Let v(m) = 13*m**2 + 10*m + 1. Let l be v(-5). Calculate the greatest common divisor of 483 and l.
69
Suppose -3*o - 9*o + 48 = 0. Let c(y) = 3*y**2 - y + 9. Let g be c(o). Calculate the highest common factor of 212 and g.
53
Suppose -70 = -11*v + 612. Calculate the greatest common factor of v and 403.
31
Suppose 2*l + 20 = -l + 4*f, 5*l - 5 = -f. Suppose -3*p + i = 0, 2*p + 8*i - 3*i = l. Suppose 20 = 4*s - p*s. What is the highest common factor of 15 and s?
5
Suppose 156 = 11*f + 2*f. What is the greatest common divisor of f and 8?
4
Let z(k) = -5*k - 4. Let p = 9 + -11. Let x(a) = -a**2 - a. Let l(i) = p*x(i) + z(i). Let c be l(4). Calculate the highest common divisor of 144 and c.
16
Let u be 110/4*144/(-45). Let c be 1/(3 - u/(-30)). What is the highest common factor of c and 10?
5
Let s(z) = -z**3 + 8*z**2 - 13*z + 5. Let w be s(5). Suppose w*t = -3*t + 324. What is the greatest common divisor of 2 and t?
2
Suppose -1499 = -32*g + 101. Calculate the greatest common divisor of 4 and g.
2
Let r be -6 + 324 - 16/2. Calculate the greatest common divisor of 30 and r.
10
Let u be -2*(-1)/2 - (-112)/28. Let p be u + (-235)/45 + (-1244)/(-9). Calculate the highest common divisor of p and 92.
46
Let z be (-2)/(-6) + 15/9. Let x = 18 - 16. Suppose 5 = x*v - 7. Calculate the greatest common divisor of v and z.
2
Let z = 32 + -24. Suppose 4 + z = 6*j. What is the greatest common divisor of 22 and j?
2
Let h = 110 - 62. Calculate the highest common divisor of 144 and h.
48
Let a(g) = -17 + 209*g - 1 + g**2 - 219*g. Let m be a(-6). What is the greatest common divisor of 13 and m?
13
Suppose -r = -4*q, 3*r + 4*q - 7 = 9. Suppose -3*y + 2*p + 172 = 0, r*p - 111 = -y - 35. Calculate the highest common divisor of y and 12.
12
Let m be (2 - 2370/(-27)) + (-6)/(-27). Suppose -4 = -5*t + 6. Suppose 0 = 4*i + 2*l - 46, 2 = -t*l + 8. Calculate the greatest common divisor of m and i.
10
Let s be (-16)/(-6)*(3 - 111)/(-6). Calculate the highest common divisor of 6 and s.
6
Let q(t) = t**3 - 4*t**2 - 13*t + 6. Let v be q(6). Suppose -3*b + 79 + 17 = v. Let y = b + -19. What is the greatest common factor of 13 and y?
13
Suppose 3*p - 54 - 78 = 0. Calculate the highest common factor of 99 and p.
11
Suppose -275*v = -210*v - 19175. What is the greatest common divisor of 118 and v?
59
Suppose -k - 4*o = -0*o + 20, 2*k + 2*o + 10 = 0. Suppose k*n - 2*n = -44. Calculate the highest common factor of n and 33.
11
Let i = 52 - -233. Calculate the highest common factor of i and 114.
57
Suppose 107 = 4*a - 81. Suppose 3*n = 5*v - 33, -2*n + a = 3*v + 3*n. Suppose -t - 7 = -2*f, f + 6*t = t + v. What is the greatest common factor of 1 and f?
1
Suppose -17 = -4*q + 5*q. Let g = q + 161. What is the greatest common divisor of 16 and g?
16
Suppose 8 + 2 = -5*p. Let g be (-3)/p*4/3. Suppose g*k = -c + 34, -3*k + 21 + 23 = -2*c. What is the highest common factor of k and 16?
16
Let r(o) = o**2 - 25*o + 288. Let a be r(25). Calculate the greatest common factor of 9 and a.
9
Suppose -253 = 4*d - 1245. Calculate the greatest common divisor of 8 and d.
8
Suppose -4*i - 2*d + 496 = 0, i - 53*d = -51*d + 134. Calculate the highest common divisor of 63 and i.
63
Let k be -5 + 3/7 + 306/21. Let l(s) = 2*s - 4. Let t be l(4). What is the highest common divisor of k and t?
2
Let b be 111/(1 + 3/(-12)). What is the highest common factor of 12 and b?
4
Let s be (33/(-22))/(6/(-32)). Suppose s*c = 64 + 96. Let k = -35 - -195. Calculate the highest common factor of c and k.
20
Let x(l) = -10*l - 8. Let t be x(-5). Let n be ((-90)/21)/((-6)/t). What is the greatest common factor of n and 20?
10
Let a = 131 + -115. Calculate the highest common factor of 16 and a.
16
Let q = -37 - -43. Suppose -5*n - 2*c + 456 = 0, -3*c + 3 + q = 0. Let a be 1 + 0 + 35/1. Calculate the highest common factor of n and a.
18
Let i(n) = -35*n + 36. Let c be i(-9). Calculate the highest common divisor of 135 and c.
27
Let o(l) = 5 + 0 - 15*l - 3. Let q(s) = s**2 - 4*s - 5. Let r be q(0). Let b be o(r). Calculate the highest common divisor of 7 and b.
7
Suppose -4*f + 5*r = -395, 4*f + 5*r - 105 = 3*f. Calculate the highest common factor of f and 5.
5
Let a(l) = l + 10. Let u be 1*(-2 + 12)/(-2). Let z be a(u). Suppose -4*q - 1 - 1 = -x, -z*q + 47 = x. What is the greatest common factor of x and 66?
22
Let r be (11/9 - 1)/(48/3024). What is the highest common factor of 98 and r?
14
Let q be (-6 - ((-204)/8)/(-17))*-6. Suppose -12 + 4 = f. Let z = f - -13. What is the greatest common divisor of q and z?
5
Let c = -12 + 246. Let k = -21 - -47. Calculate the highest common divisor of k and c.
26
Let t = 74 - -26. Calculate the highest common factor of t and 80